 1. Calculate l(f).
5
Suppose -43*a + 24 = -37*a. Let b(y) = 4*y + 3. Determine b(a).
19
Let r(c) = 4 + 8*c - 3*c**2 + 4*c**2 + 0. What is r(-3)?
-11
Let s(x) be the first derivative of -x**7/840 - x**6/120 + x**5/60 - 5*x**4/24 + x**3/3 - 3. Let j(l) be the third derivative of s(l). What is j(-4)?
3
Let n(d) = -d**3 + 5*d**2 + 4*d + 7. Let a be n(6). Let f(r) = -3*r - 8. Let v(q) = -4*q - 8. Let o(h) = a*f(h) + 4*v(h). Calculate o(6).
2
Let m(h) = 1 - 4*h + h**2 + 6 - 4. Let d be (-13)/(-5) + (-2)/(-5). Determine m(d).
0
Let c(y) = 2*y**2 - 5*y. Let r(t) = t**2 - t. Let z = -5 - -4. Let a(o) = z*c(o) + 6*r(o). Suppose 3*b = g - 3*g + 3, -4*b + g = -4. What is a(b)?
3
Let q(h) be the third derivative of h**4/24 - 2*h**3/3 + 27*h**2. Suppose 0 = -0*r + 4*r. Let v be q(r). Let d(g) = g - 1. Calculate d(v).
-5
Let i be (8/14)/(4/42). Let x(v) = -v**2 + 7*v - 4. Give x(i).
2
Let g(c) be the third derivative of -c**6/120 + c**5/30 - c**4/12 - c**3/3 - 2*c**2. What is g(2)?
-6
Let q(g) = -4*g**2 - 3*g - 8. Let p(a) = -a**2 - a - 1. Let h(z) = 3*p(z) - q(z). Suppose 0 = 4*w - 3 - 9. Let u be 0/w*4/8. Give h(u).
5
Let i(k) = k**3 + 7*k**2 - 3. Suppose -7*f - 98 = 7*f. What is i(f)?
-3
Let d = 10 - 16. Let r(z) = z - 2. Determine r(d).
-8
Suppose b + 4 = -1. Let l(y) = y**3 + 11*y**2 + 1. Let o(a) = a**3 + 10*a**2 + a + 1. Let s(c) = -4*l(c) + 5*o(c). What is s(b)?
1
Let k be (-1)/(-3) - (-58)/6. Let x be (k/3)/(2/3). Let d(z) = -2*z + 6. What is d(x)?
-4
Let f(v) = -14*v - 1. Suppose 3*b + 10 = 13. Calculate f(b).
-15
Let j(n) = n**2 + 7*n + 6. Let k(o) = 3*o**2 + 20*o + 18. Let f(h) = -17*j(h) + 6*k(h). Suppose 5 = 3*l - 4. Let r = l + -3. Give f(r).
6
Let f(t) = -t. Let c(x) = x + 1. Let o(b) = 3*c(b) + 6*f(b). Let s(u) = -u**2 + u + 1. Let z be s(2). Let j be 1 - (0 - z)*-1. Calculate o(j).
-3
Let w(t) = -2*t**3 - t. Suppose -5*r - 12 = -2*r, 2*o = -2*r - 10. Let s = -1 + 1. Let z = o - s. What is w(z)?
3
Let o(c) be the third derivative of -c**8/6720 + c**7/1260 - c**6/240 + c**5/120 - c**4/6 + c**2. Let g(j) be the second derivative of o(j). Calculate g(2).
-5
Let b be ((-8)/(-12)*1)/((-1)/3). Let o(i) = -7*i**2 + 1. Let q(p) = 4*p**2 - 1. Let n(s) = -3*o(s) - 5*q(s). What is n(b)?
6
Let w be (-10)/2 + (3 - -1). Let o(a) = 4*a - 2*a - 3*a - 7*a**2. Give o(w).
-6
Let y(i) = -3*i + 2*i - 3 + 3*i - 12. Determine y(10).
5
Let z(g) = g**3 - 6*g**2 + 8*g. Let v(r) = -r**3 + 6*r**2 - 9*r. Let m(n) = 3*v(n) + 4*z(n). Determine m(5).
0
Let l(k) = -k**3 + 5*k**2 + 3*k - 12. Let r be l(5). Let s(b) = -2*b - 4. Give s(r).
-10
Let x(d) be the third derivative of d**5/60 + d**4/12 - 7*d**3/6 - 20*d**2 + 2. Suppose s + 1 = -4*z - 4, z + 10 = -2*s. Calculate x(s).
8
Let q = 4 - 3. Let i(t) = 2 + 2*t - t + q + 0*t. Calculate i(5).
8
Let h(u) = -u**3 + 5*u**2 - 6*u + 4. Suppose 6*z + 32 = 14*z. What is h(z)?
-4
Let c(i) = 4*i + 3*i + i - 6 - i**2. Let a(s) = 4*s**3 + 2*s**2 - s. Let b be a(1). Determine c(b).
9
Let b(w) = -w**3 - 2 - 1 + 2. Let r = 33 - 34. Calculate b(r).
0
Suppose -5*v = -4*z, 15 + 2 = -5*z + 2*v. Let a(o) = 3*o**2 + 7*o - 2. Let i(f) = -f**2 - f - 1. Let c(d) = -a(d) - 2*i(d). Determine c(z).
4
Suppose -4*m + 3*m + 5 = 0. Let b(v) = -v**2 + 10. Let z(r) = 1. Let x(j) = -b(j) + 6*z(j). Let u(p) = -2*p**2 + 7. Let i(k) = m*x(k) + 3*u(k). Give i(0).
1
Let t(z) = -4*z**3 + z**2 - 1. Suppose -4*p = 4*n - 12, 2*n - 2*p - 4 = -6. Let v = n + -4. Let q be 4/6*v/2. Give t(q).
4
Let p(j) = -j**3 + 4*j**2 + 4. Let h = 1 + 1. Suppose s + 4 = h*s. Suppose -s*z - 16 = -8*z. Give p(z).
4
Let i(h) = -h**3 - 4*h**2 - 4*h - 2. Let d be i(-3). Let u(b) be the first derivative of -d - 1/4*b**4 + 1/2*b**2 + 5/3*b**3 - 7*b. Give u(5).
-2
Let p be 4/18 + (-10)/45. Suppose 0 = -p*j + 4*j - 3*k + 4, j - 3*k = -10. Let i be (j + 8)*2/(-4). Let h(l) = l - 2. Give h(i).
-7
Let j(i) = -4*i**3 - 8*i**2 + 2*i + 1. Let w(v) = 3*v**3 + 7*v**2 - 2*v. Let o(z) = 4*j(z) + 5*w(z). Determine o(3).
-2
Let m(d) be the third derivative of d**9/60480 - d**7/5040 - d**5/15 + d**2. Let s(w) be the third derivative of m(w). Suppose -5 = -5*t - 15. What is s(t)?
-6
Let w(l) = -l**3 - 6*l**2 - 5*l - 4. Let a(y) = -6*y + 7. Let d be a(2). What is w(d)?
-4
Let k(v) = v + 4. Let m(q) = -2*q**2 - 3*q - 3. Let s be m(-3). Calculate k(s).
-8
Let n(q) = 2*q**3 + q**2 + 21*q - 11. Let r(h) = -h**3 - 10*h + 5. Let o(u) = -6*n(u) - 13*r(u). Suppose -t - 10 = -3*t. What is o(t)?
-4
Let s be -14*(-1)/(-2)*-1. Let f = 7 - s. Let l(m) = m**3 + m**2 + 7. Calculate l(f).
7
Suppose -3*m + 3*t + 11 = -2*t, -2*m + 8 = -3*t. Let d be 40/m + 6/21. Let l(r) = -r + 3. Calculate l(d).
-3
Let l be (-2)/(-6) + (-30)/(-18). Let k(f) = 3*f**2 - 2*f - 1. What is k(l)?
7
Let g(b) = b**3 + 4*b**2 + b. Let r(l) = -l**3 - 6*l**2 - l. Let m(h) = -5*g(h) - 4*r(h). Let w be (3/(-4))/(2/(-8)). Determine m(w).
6
Let a be (0 - (-13)/(-4))*4. Let d = -11 - a. Let o(x) = -x**3 + 2. Determine o(d).
-6
Suppose -d - 3*d + 28 = 0. Let h(p) = 2*p - 7. Give h(d).
7
Let n be -1*-2*(-2)/(-2). Suppose 6 = -n*s - 4. Let k(i) = -2*i - 6. Determine k(s).
4
Let z be ((-6)/(-15))/(2/20). Suppose z*o + 19 + 1 = 0. Let p(q) = -q**3 - 6*q**2 - 4*q - 6. Determine p(o).
-11
Let u(s) = -8*s + 1. Let p(c) = 9*c - 1. Let i(y) = -5*p(y) - 6*u(y). Let l = -8 + 13. Suppose -g = -6*g + l. What is i(g)?
2
Let o = -7 + 10. Suppose 4*z - o*w - 12 = 14, -4*w = 8. Suppose 0*x + 20 = z*x. Let v(n) = n + 3. What is v(x)?
7
Let k be 2 + 5/(-20)*0. Let j(l) = -4*l + 1. Determine j(k).
-7
Let n(c) = 2*c + 0*c**3 - 4*c**2 + c**3 + 0*c**2 + 2. Let z(l) = -5*l**2. Let f be z(1). Let a = f - -7. Give n(a).
-2
Suppose -30 = 5*b - 2*b. Let a be b/(-1 + 3 + 0). Let i(s) = -s**2 - 4*s - 4. What is i(a)?
-9
Let r(g) = 5*g + 6. Let p(l) = 4*l + 5. Let w(o) = 4*p(o) - 3*r(o). Calculate w(-3).
-1
Let q(i) = 2*i**2 + 2*i. Let g(n) = 6*n. Let l be g(1). Let z be (3/9*l)/(-1). What is q(z)?
4
Let u(n) = 2*n + 1. Let i(q) = -q**3 + 2*q**2 + 5*q - 4. Let b be 2 - (-3 - (-2 - 0)). Let p be i(b). Determine u(p).
5
Let z = 3 - 3. Let n(l) = z - 4 + 4 - 3*l. Let m be n(-1). Let w(g) = -g. Calculate w(m).
-3
Let w(d) = -d**3 + 4*d**2 - 1. Let h(z) = z + 3. Let g be h(-4). Let b be g/3 - (-38)/6. Suppose b*o - 3 = 5*o. Calculate w(o).
8
Suppose 0*c = c - 2. Let x(h) = h**2 - 1 - c*h + h - h**3 + 0 + 5*h. What is x(3)?
-7
Let w(s) be the second derivative of s**7/840 + s**6/90 - s**5/120 - s**4/6 - s**3/2 + 3*s. Let n(h) be the second derivative of w(h). Give n(-3).
8
Suppose -2*g - 2*f = 2, -4*f + 0*f = -5*g + 40. Let j(k) = k + 4. Let m(r) = r + 8. Let z(u) = 5*j(u) - 2*m(u). What is z(g)?
16
Let n(u) = u + 3. Let b be n(0). Let t be ((-30)/b)/(-1*2). Let y(m) = 4*m + 3*m - t*m + 7. Calculate y(-5).
-3
Suppose 10 = -5*s - 5. Let z(a) = -a - 2. Give z(s).
1
Let v(i) = 2*i - 4. Let u = 3 - -1. Suppose 13 = 3*q - l, 0 = q - 2*l - u - 7. Suppose -2*s = -5*a + 12, -4 = -5*a + q*s + s. Give v(a).
4
Let n = 20 + -26. Let h(l) = l - 6. What is h(n)?
-12
Let h(t) = -2*t**2 - t. Let f(o) = 2*o. Let w be f(-1). Determine h(w).
-6
Let c = -36 + 31. Let t(v) = -2*v. Let f be t(-1). Let g(n) = -n - 2*n - 2*n - n**2 + f. Determine g(c).
2
Suppose -3*b + 2*f = -2, 5*b - f - 2 = f. Suppose 2*i - n + 1 = -b*n, 4*n = 12. Let a(l) = 9*l + 1. Determine a(i).
10
Let r(u) = -u**3 - 4*u**2 - u + 1. Suppose 6*q = q + 10. Suppose 24 = -2*s - q*s. Let w be (4/(-2))/((-4)/s). Calculate r(w).
-5
Let h(d) = -d**3 + 8*d**2 + d - 2. Let r be h(8). Suppose 2 = -a + r. Let q(m) = -3*m + 3 - 2 - a - 3. Determine q(-4).
6
Let s(m) = 2*m**3 + 15*m**2 + 8. Let f(q) = -3*q**3 - 22*q**2 - 12. Let w(l) = -5*f(l) - 7*s(l). Let i = 68 - 40. Suppose -4*g = -8 + i. Give w(g).
4
Let s be 6/(-4) + 4 + -2. Let c(t) be the first derivative of -s*t**2 + 2 + t. Determine c(4).
-3
Suppose 3*f - 9 = -4*t, 3*t = f - 0*t - 3. Suppose -f*s - 4*c - 26 = 0, 5*s + 28 = -0*s + c. Let g(k) = k**2 + 6*k - 4. What is g(s)?
-4
Let n(i) be the third derivative of 9*i**2 + 0*i**3 + 1/24*i**4 - 1/60*i**5 + 0 + 0*i. Give n(1).
0
Let k(o) = 2*o. Let l be k(5). Suppose -4*a = 3*q - 5, -3*q - l = -2*q - a. Let g(r) = -2*r + r + 0*r. Calculate g(q).
5
Let f(n) be the second derivative of -n**5/20 - 3*n**4/4 - 4*n**3/3 + n**2 - 2*n. Give f(-8).
2
Suppose